hest common divisor of 7 and 49?
7
What is the greatest common divisor of 714 and 14?
14
Calculate the highest common divisor of 312 and 9438.
78
What is the greatest common factor of 4390 and 30?
10
What is the greatest common divisor of 1170 and 52?
26
Calculate the highest common divisor of 1730 and 110.
10
What is the greatest common divisor of 1404 and 104?
52
Calculate the highest common factor of 5910 and 270.
30
Calculate the greatest common factor of 624 and 1776.
48
What is the greatest common factor of 135 and 180?
45
What is the greatest common factor of 24 and 18744?
24
Calculate the greatest common divisor of 14 and 4298.
14
Calculate the highest common factor of 69 and 21.
3
Calculate the greatest common divisor of 24 and 8286.
6
What is the highest common factor of 126 and 42462?
126
What is the highest common divisor of 11153 and 19?
19
What is the highest common factor of 189 and 483?
21
Calculate the greatest common factor of 203 and 174.
29
Calculate the highest common factor of 538 and 2.
2
What is the highest common factor of 518 and 28?
14
What is the highest common factor of 908 and 4?
4
What is the highest common divisor of 210 and 3430?
70
What is the greatest common factor of 108 and 348?
12
Calculate the greatest common factor of 146 and 365.
73
Calculate the highest common factor of 969 and 399.
57
What is the highest common factor of 28 and 602?
14
Calculate the highest common divisor of 501 and 3.
3
Calculate the greatest common factor of 4248 and 826.
118
What is the highest common divisor of 3884 and 28?
4
What is the greatest common factor of 3 and 129?
3
Calculate the highest common factor of 75 and 675.
75
Calculate the highest common factor of 33 and 33.
33
What is the highest common divisor of 171 and 9?
9
Calculate the greatest common divisor of 68 and 170.
34
What is the greatest common factor of 9653 and 49?
49
What is the greatest common divisor of 9 and 2?
1
Calculate the greatest common divisor of 6 and 678.
6
What is the highest common divisor of 41 and 108814?
41
What is the greatest common divisor of 1495 and 345?
115
Calculate the highest common divisor of 15 and 40.
5
Calculate the highest common factor of 117 and 459.
9
What is the greatest common divisor of 33 and 143?
11
Calculate the highest common factor of 5040 and 532.
28
What is the highest common factor of 18 and 711?
9
What is the highest common factor of 629 and 1700?
17
What is the highest common factor of 1 and 97?
1
Calculate the greatest common divisor of 2255 and 65.
5
What is the highest common divisor of 56 and 1330?
14
Calculate the greatest common divisor of 85 and 7225.
85
Calculate the highest common factor of 195 and 77415.
195
What is the highest common factor of 1358 and 1067?
97
What is the highest common factor of 2497 and 1589?
227
Calculate the highest common factor of 378 and 3618.
54
Calculate the greatest common divisor of 19398 and 1272.
318
Calculate the highest common divisor of 274 and 2.
2
Calculate the greatest common factor of 113 and 2825.
113
What is the greatest common divisor of 271 and 2?
1
What is the greatest common divisor of 120 and 870?
30
What is the highest common factor of 91 and 28?
7
What is the greatest common divisor of 252 and 90?
18
Calculate the greatest common divisor of 196 and 1666.
98
Calculate the highest common divisor of 3 and 51.
3
What is the greatest common factor of 93041 and 221?
221
What is the highest common factor of 2172 and 24?
12
What is the highest common divisor of 91 and 7?
7
What is the highest common divisor of 98 and 2?
2
What is the highest common factor of 101 and 909?
101
What is the greatest common divisor of 63 and 423?
9
Calculate the greatest common divisor of 16 and 76.
4
What is the greatest common divisor of 14 and 245?
7
Calculate the highest common divisor of 1296 and 256.
16
What is the highest common divisor of 1946 and 3753?
139
Calculate the greatest common divisor of 40 and 11380.
20
Calculate the greatest common divisor of 92 and 851.
23
What is the highest common factor of 31 and 31?
31
Calculate the highest common factor of 1786 and 38.
38
Calculate the highest common factor of 13 and 2327.
13
What is the highest common factor of 549 and 122?
61
What is the highest common divisor of 759 and 33?
33
What is the greatest common divisor of 2496 and 3?
3
What is the highest common factor of 11 and 352?
11
What is the greatest common divisor of 210 and 5012?
14
What is the greatest common factor of 7434 and 504?
126
Calculate the highest common factor of 1443 and 195.
39
Calculate the greatest common factor of 30 and 465.
15
Calculate the highest common divisor of 216 and 888.
24
What is the highest common factor of 3068 and 59?
59
Calculate the greatest common factor of 5 and 11.
1
Calculate the greatest common divisor of 242 and 3509.
121
What is the highest common divisor of 40 and 15460?
20
Calculate the highest common factor of 4375 and 700.
175
What is the highest common factor of 11 and 11?
11
Calculate the highest common divisor of 24 and 132.
12
What is the highest common divisor of 2700 and 500?
100
What is the greatest common factor of 36 and 588?
12
Calculate the highest common divisor of 300 and 375.
75
What is the highest common divisor of 5680 and 80?
80
Calculate the greatest common divisor of 140 and 17500.
140
Calculate the highest common factor of 4 and 62.
2
Calculate the greatest common divisor of 68 and 102.
34
What is the greatest common factor of 4 and 2?
2
What is the highest common divisor of 14 and 13062?
14
Calculate the highest common divisor of 66 and 6402.
66
What is the highest common divisor of 225 and 110?
5
What is the highest common divisor of 2226 and 530?
106
Calculate the greatest common divisor of 1155 and 35.
35
Calculate the highest common divisor of 793 and 61.
61
Calculate the highest common divisor of 2101 and 11.
11
Calculate the highest common factor of 627 and 114.
57
Calculate the highest common divisor of 7 and 5649.
7
What is the highest common factor of 42 and 98?
14
Calculate the greatest common divisor of 10 and 720.
10
Calculate the highest common divisor of 150 and 12.
6
What is the greatest common divisor of 1037 and 17?
17
What is the greatest common divisor of 78 and 2158?
26
Calculate the highest common divisor of 3152 and 197.
197
Calculate the greatest common factor of 18 and 68.
2
Calculate the greatest common factor of 96 and 552.
24
What is the highest common factor of 21 and 13251?
21
What is the highest common factor of 36 and 483?
3
What is the greatest common divisor of 238 and 170?
34
Calculate the highest common divisor of 108 and 204.
12
What is the greatest common divisor of 89 and 20?
1
Calculate the greatest common divisor of 1143 and 54.
9
Calculate the greatest common divisor of 1350 and 54.
54
Calculate the highest common factor of 174 and 7018.
58
What is the greatest common factor of 320 and 1344?
64
Calculate the highest common factor of 1075 and 400.
25
What is the greatest common factor of 638 and 110?
22
What is the greatest common divisor of 70 and 280?
70
Calculate the greatest common factor of 8850 and 375.
75
What is the greatest common divisor of 72 and 1062?
18
What is the highest common factor of 23 and 7981?
23
Calculate the highest common factor of 12 and 3756.
12
What is the highest common factor of 26303 and 116?
29
Calculate the greatest common factor of 11 and 23507.
11
Calculate the greatest common factor of 24 and 153.
3
Calculate the highest common factor of 64 and 176.
16
Calculate the greatest common divisor of 1084 and 8.
4
Calculate the greatest common factor of 33 and 10923.
33
What is the greatest common divisor of 142 and 213?
71
What is the greatest common divisor of 324 and 180?
36
Calculate the greatest common divisor of 34 and 544.
34
What is the highest common divisor of 153 and 493?
17
What is the greatest common factor of 1661 and 302?
151
What is the greatest common factor of 37518 and 78?
78
What is the greatest common factor of 427 and 671?
61
What is the greatest common divisor of 512 and 2624?
64
Calculate the highest common factor of 444 and 777.
111
What is the greatest common divisor of 22 and 11?
11
What is the greatest comm